e the first derivative of -5*b**4/2 - 2*b**3/3 - b**2/2 + 1. Let k be f(-1). Let s = 13 - k. List the prime factors of s.
2
Suppose 174 = 4*f - 3*c, 5*f - 3*c - 215 = 2*c. What are the prime factors of f?
3, 5
Let l(m) = -14*m**3 + 13*m**3 - m**2 - 1 + 2*m**2 + m + 5*m**2. What are the prime factors of l(6)?
5
Suppose 369 = -27*b + 30*b. What are the prime factors of b?
3, 41
Let i(s) = -1 - s + 6*s**2 - 2*s + s. Let b = 5 - 6. What are the prime factors of i(b)?
7
Let g(k) = -k + 3 - 1 + 3*k**2 + 2*k. What are the prime factors of g(-2)?
2, 3
What are the prime factors of 13/(65/360) + 0?
2, 3
Let m = 3 - 5. Let i be ((-7)/(-4))/(m/8). Let k = -2 - i. What are the prime factors of k?
5
Suppose 3*m - 2*k + 2 = 5, 5*k - 12 = m. List the prime factors of 13 - ((m - 1) + -1).
2, 3
Suppose 3*m + 165 = 6*m. What are the prime factors of m?
5, 11
Suppose c - 95 = -0*c. Suppose -w = 5*d + 2*w - 85, 0 = -4*d + 3*w + c. Let y = d - 1. What are the prime factors of y?
19
Let a = 18 + -30. Let l = -17 - a. List the prime factors of 1 - (l - 2)*1.
2
Let u = 10 + -8. Suppose -u*i + 4*i - 34 = 0. List the prime factors of i.
17
Suppose 8 = 5*g - 22. List the prime factors of g.
2, 3
Suppose -12*w = -401 - 199. What are the prime factors of w?
2, 5
Suppose -192 = -4*q - 4*v, 0*v - 36 = -q + 3*v. Suppose -5*c = -5*n + q, c = 3*n - 15 - 2. What are the prime factors of n?
2
Suppose 90 = c + 2*c. What are the prime factors of c?
2, 3, 5
Let k be 6/18 + (-46)/(-6). Suppose -2*f = -6*f + k. List the prime factors of f.
2
Suppose -2 - 3 = -p. Suppose 0 = 4*r - p*o - 24, 3*r - 7 = -4*o - 20. What are the prime factors of (r + 0)*(19 - 0)?
19
Suppose 5*u = 4*w + 22, 0*u + 2*u = -4*w - 8. Let z be 0/(0/(-1) - w). Suppose -2*v = v - 5*c - 32, z = -2*v - c + 43. What are the prime factors of v?
19
Let i = 5 + -2. Let b = i + 0. Suppose b*w - 5*d = -0*w + 41, w - 5*d = 17. List the prime factors of w.
2, 3
Let i = 9 + -36. Let h = i + 39. List the prime factors of h.
2, 3
Let u be -3 + 20/2 + -2. Suppose -x + 2*n - 7 = 4*x, 0 = -5*n + u. Let i = 7 - x. What are the prime factors of i?
2
Let c(b) = 23*b**2 + 1. Let q be c(1). List the prime factors of q + 2 + 0 + 1.
3
List the prime factors of (-171)/(-36)*(10 - 2).
2, 19
Suppose -3*f - b = -532, 3*f - 3*b - 882 = -2*f. List the prime factors of f.
3, 59
What are the prime factors of (-3 + 4)/((-2)/(-100))?
2, 5
Let r be 260/36 - (-2)/(-9). Let n = r - 1. What are the prime factors of n?
2, 3
Suppose q - 111 = 4*a, a = 4*q + 5*a - 404. What are the prime factors of q?
103
Let i(b) = 11*b**2 - 2*b - 1. Let n = 5 + -5. Suppose 0 = -t - n*t - 1. List the prime factors of i(t).
2, 3
Let s(x) = 3*x. Let u(p) = p**3 - 4*p**2 + 2*p - 5. Let f be u(4). Suppose -8 - 1 = -3*q, f*q = -w + 13. List the prime factors of s(w).
2, 3
Let k = -14 + 15. List the prime factors of (k/(-4))/(7/(-196)).
7
Suppose 3 + 36 = 3*c. Let z = 27 - c. What are the prime factors of z?
2, 7
Let c(o) = 2*o - 5. Let w(h) = h**2 - 4. Suppose 7 - 16 = 3*b. Let i be w(b). List the prime factors of c(i).
5
Suppose -6*w + 609 = 75. List the prime factors of w.
89
List the prime factors of (4 - 5)/(2/(-50)).
5
Suppose 4*c + 0*c = 0, -4*c = -4*k + 8. Suppose -x - 44 = 2*w + 2*x, -76 = k*w - 5*x. Let h = w + 40. List the prime factors of h.
2, 3
Let d(o) = -o**2 + 7*o + 8. Let r be d(6). Let a = r - 7. What are the prime factors of a?
7
Suppose 2*y - 5*r + 9 = 0, 3*r - 3 = -5*y + 7*r. Suppose l - y*l = -104. Suppose -2*h + 18 = -2*v, 5*h + 0*v - l = -2*v. What are the prime factors of h?
2, 5
Let z = 46 + -26. Suppose -3*x + z + 55 = 0. What are the prime factors of x?
5
Let u(c) = c**3 - 15*c**2 + 15*c - 11. List the prime factors of u(14).
3
Let d(a) = -21*a**2 - a + 3. Let j(v) = 43*v**2 + 2*v - 7. Let m(p) = -5*d(p) - 2*j(p). Let s be m(1). Suppose -s = -2*t - 3. List the prime factors of t.
2
Suppose 0*i + 5*o + 30 = i, -50 = -5*i + 5*o. Let n(v) = -v**3 + 6*v**2 - 5*v + 5. What are the prime factors of n(i)?
5
List the prime factors of ((-58)/(-5))/(3 + (-145)/50).
2, 29
Let d = -1 - -3. Suppose -d*a + 5*t = -4*a + 95, 4*t = -2*a + 90. List the prime factors of a.
5, 7
Let j(m) = -12*m**3 - 3*m**2 - m - 1. Let n be j(-2). Let h = n + -45. List the prime factors of h.
2, 5
Suppose -5*r + 9 = 114. Let m be 1/(2 - (-45)/r). List the prime factors of (-25)/m - (-9)/21.
2
Let r = 66 + 0. List the prime factors of r.
2, 3, 11
Suppose 0 = -4*y - 0 + 12. Let j(z) = 13 - 2*z - 1 + y*z. What are the prime factors of j(-5)?
7
Let m(q) = -q**2 - 5*q + 7. Let x = 37 + -17. Suppose -3*j - x = -5. List the prime factors of m(j).
7
Let b(l) = -l**3 - 11*l**2 - 13*l - 10. Let z be b(-10). Suppose 125 = 5*t + z. List the prime factors of t.
3, 7
Let l(g) = 26*g - 33. What are the prime factors of l(6)?
3, 41
Let z(i) = -i**3 + 6*i**2 - 8. Let b be z(6). Let f(w) = w**2 + 6*w - 4. List the prime factors of f(b).
2, 3
Let f(a) = -a**2 + 3*a + 4. Let d be f(3). Let g = -5 + d. What are the prime factors of 3/(g + (-39)/(-30))?
2, 5
Let i(h) = -25*h - 1. Suppose -3*a + 2*p = -2*a + 2, -p = 2*a + 4. What are the prime factors of i(a)?
7
Let q(x) = -33*x. Let v be q(-2). Suppose 30 = -0*s + 2*s - f, -4*s - f = -v. Suppose -4*l + 0*g + s = 4*g, l + 3*g = 8. What are the prime factors of l?
2
List the prime factors of (-15)/(-30) - 154/(-4).
3, 13
List the prime factors of 42/112 + 3562/16.
223
Let u be ((-8)/12)/((-6)/9). What are the prime factors of 5 - (-6 - u - -4)?
2
Let l(k) = 3*k + 10*k**2 + k**3 + 1 + 8 - 4*k**2. List the prime factors of l(-5).
19
Let a be 4/18 + (-1020)/(-27). Suppose 13 = -5*d + a. Let m = d + -1. What are the prime factors of m?
2
Let s = 217 - 100. Suppose -5*y - 2*z = -s, 41 = -3*y + 3*z + 107. List the prime factors of y.
23
Let l be 145 + 2 + -3 + 3. List the prime factors of l/9 - (-3)/(-9).
2
Let l = -11 - -12. What are the prime factors of (-420)/(-10) + l + -5?
2, 19
Suppose -z = -4*d - 296, -2*z - 3*z - 5*d = -1505. What are the prime factors of z?
2, 3, 5
Suppose h + 2*g - 150 = 0, 3*h = -2*h + g + 717. List the prime factors of h.
2, 3
Let p(k) = 3*k - 2. Let d be p(2). Let q(a) be the first derivative of 2*a**2 - 2*a - 1. What are the prime factors of q(d)?
2, 7
Let m(p) be the first derivative of p**6/360 - p**5/20 + p**4/3 - p**3/3 + 1. Let o(c) be the third derivative of m(c). List the prime factors of o(6).
2
Suppose -2*h - 5*v + 78 = -4, 3*h = -4*v + 116. List the prime factors of h.
2, 3
Let g(w) = 44*w**3 + w**2 + w. Let t be g(-1). What are the prime factors of (-1)/(-4) + (-429)/t?
2, 5
Suppose -g - 1 = 1. What are the prime factors of (-1568)/(-72) - g/9?
2, 11
Let f = -18 + 22. What are the prime factors of f?
2
Let o be (-3)/9 - (-15)/(-9). What are the prime factors of (o - 0) + (-19)/(-1)?
17
Suppose 13*s - 7*s - 1290 = 0. What are the prime factors of s?
5, 43
List the prime factors of 5/(-2)*(-3 + (-1935)/25).
3, 67
Let s be 6/(-12) - 30/(-4). Let z = 2 + -3. What are the prime factors of (z - 3/(-3)) + s?
7
Let y = -7 - -12. Suppose y*i - 4*i - 4*w = 7, 2*i - 2 = -4*w. Suppose -5*x - o = 16 - 41, 0 = -i*x - 4*o + 32. What are the prime factors of x?
2
Let m = -19 - -13. What are the prime factors of (28/m)/(2/(-3))?
7
Let d = 10 - 8. Suppose 0 = -d*i - 15 + 81. List the prime factors of i.
3, 11
Let q = -9 - -17. Suppose 0 = 2*b - 0 - q. What are the prime factors of (-21)/12*(0 - b)?
7
Suppose -4*y + 11 + 89 = 0. List the prime factors of y.
5
Suppose -40 = -x - i, 4*i = -5*x + 2*i + 185. List the prime factors of x/(-2)*(-12)/15.
2, 7
Let d(k) = k**3 - 7*k**2 + 7*k + 3. Let s = 20 + -14. What are the prime factors of d(s)?
3
List the prime factors of 108/12*2*1.
2, 3
Let z = -174 + 309. What are the prime factors of z?
3, 5
Let f be (0 + 5)*12/(-30). Let u be 5 + (f - -1) + -1. Suppose r = -u*r + 60. List the prime factors of r.
3, 5
Suppose 40 = -5*o + 5*n, 4*n + 0 = -3*o - 3. Let b(g) = -4*g - 3 + g**2 + 0*g + 6*g. List the prime factors of b(o).
2, 3
Let s(v) = -v**2 + 10*v + 14. What are the prime factors of s(10)?
2, 7
Suppose 5*d = 9*d - 464. List the prime factors of d.
2, 29
Let g(s) be the first derivative of -s**3/3 + s**2/2 + 4*s + 1. Let o be g(0). Suppose -32 = o*z - 8*z. What are the prime factors of z?
